{"id":86,"date":"2013-05-31T09:46:58","date_gmt":"2013-05-31T09:46:58","guid":{"rendered":"http:\/\/guiavisualwonder.grupiref.org\/?page_id=86"},"modified":"2023-07-08T14:53:17","modified_gmt":"2023-07-08T14:53:17","slug":"cinquena-partjustin","status":"publish","type":"page","link":"http:\/\/guiavisualwonder.grupiref.org\/?page_id=86","title":{"rendered":"CINQUENA PART<br>JUSTIN"},"content":{"rendered":"<p><strong>P\u00e0gina 249<\/strong><\/p>\n<p><strong>\u00abDe vegades crec que tinc el cap tan gros<\/strong><br \/>\n<strong>perqu\u00e8 el tinc ple de somnis.<\/strong><\/p>\n<p><strong>Ho diu John Merrick a L\u2019home elefant,<\/strong><br \/>\n<strong>de BERNARD POMERANCE\u00bb<\/strong><a href=\"http:\/\/guiavisualwonder.grupiref.org\/wp-content\/uploads\/2023\/07\/ele-man3Vapnh8jcKE.jpg\"><img loading=\"lazy\" decoding=\"async\" class=\" wp-image-181 alignright\" src=\"http:\/\/guiavisualwonder.grupiref.org\/wp-content\/uploads\/2023\/07\/ele-man3Vapnh8jcKE-200x300.jpg\" alt=\"\" width=\"159\" height=\"234\" \/><\/a><\/p>\n<p>La part de Justin es presenta amb una cita de L&#8217;home elefant, una obra escrita per Bernard Pomerance el 1979, i que es basa en la vida de Joseph Merrick, que havia descrit Frederick Treves. Es va estrenar a Londres i a Nova York.<br \/>\nSobre la vida de Joseph Merrick se n&#8217;ha fet un musical anomenat \u00abThe Elephant Man\u00bb, guardonat amb un premi Tony i protagonitzat per David Bowie l&#8217;any 1979 .<\/p>\n<p>&nbsp;<\/p>\n<p>&nbsp;<\/p>\n<p><img loading=\"lazy\" decoding=\"async\" class=\"alignleft\" src=\"http:\/\/imagenes.subadictos.net\/afiche\/2083.jpg\" alt=\"\" width=\"246\" height=\"332\" \/><\/p>\n<p><strong>Joseph Carey Merrick<\/strong> va n\u00e9ixer el 1862 i va morir el 1890. Va n\u00e9ixer amb greus deformitats produ\u00efdes pel s\u00edndrome de Proteus. Per la seva raresa va ser exhibit en circs com a \u201ccuriositat\u201d sota el reclam de \u201cl\u2019Home elefant\u201d.<br \/>\nEl cineasta David Lynch, el 1980, en va fer una pel\u00b7l\u00edcula basada en l\u2019obra The Elephant Man and Other Reminiscences, de Sir Frederick Treves, i en l\u2019estudi de l\u2019antrop\u00f2leg Ashley Montagu: The Elephant Man, a Study in Human Dignity.<br \/>\nTr\u00e0iler<br \/>\n<a href=\"http:\/\/www.youtube.com\/watch?v=FsZUr5QIR24\" target=\"_blank\" rel=\"noopener\">http:\/\/www.youtube.com\/watch?v=FsZUr5QIR24<\/a><br \/>\n<a href=\"http:\/\/www.youtube.com\/watch?v=F2JzaqzrtbI\" target=\"_blank\" rel=\"noopener\">http:\/\/www.youtube.com\/watch?v=F2JzaqzrtbI<\/a><br \/>\nReprodu\u00efm un poema de Joseph Merrick que s\u2019ha conservat:<\/p>\n<p style=\"text-align: center;\">\u00c9s cert que la meva forma \u00e9s molt estranya,<br \/>\nper\u00f2 culpar-me d&#8217;aix\u00f2 \u00e9s culpar a D\u00e9u;<br \/>\nsi jo pogu\u00e9s crear-me a mi mateix de nou<br \/>\nem faria de tal manera que t&#8217;agrad\u00e9s a tu.<br \/>\nSi jo fos tan alt<br \/>\nque pogu\u00e9s tocar el pol<br \/>\no abastar l&#8217;oce\u00e0 amb els meus bra\u00e7os,<br \/>\ndemanaria que se&#8217;m mesur\u00e9s per la meva \u00e0nima,<br \/>\ndoncs la veritable mesura de l&#8217;home \u00e9s la seva ment.<\/p>\n<p>&nbsp;<\/p>\n<p style=\"text-align: left;\">Informaci\u00f3 sobre el cas: <a href=\"http:\/\/axxon.com.ar\/rev\/145\/c-145Divulgacion.htm\" target=\"_blank\" rel=\"noopener\">http:\/\/axxon.com.ar\/rev\/145\/c-145Divulgacion.htm<\/a><\/p>\n<p style=\"text-align: left;\">\n<p><strong> P\u00e0gina 256<\/strong><\/p>\n<p><strong>\u00abFolk apalatxe\u00bb<\/strong><\/p>\n<p>&nbsp;<\/p>\n<div class=\"separator\" style=\"clear: both; text-align: center;\"><object width=\"320\" height=\"266\" classid=\"clsid:d27cdb6e-ae6d-11cf-96b8-444553540000\" codebase=\"http:\/\/download.macromedia.com\/pub\/shockwave\/cabs\/flash\/swflash.cab#version=6,0,40,0\"><param name=\"allowFullScreen\" value=\"true\" \/><param name=\"src\" value=\"http:\/\/youtube.googleapis.com\/v\/eGfzUE8Vcb0&amp;source=uds\" \/><param name=\"allowfullscreen\" value=\"true\" \/><embed width=\"320\" height=\"266\" type=\"application\/x-shockwave-flash\" src=\"http:\/\/youtube.googleapis.com\/v\/eGfzUE8Vcb0&amp;source=uds\" allowfullscreen=\"allowfullscreen\" allowfullscreen=\"allowfullscreen\" \/><\/object><\/div>\n<div class=\"MsoNormal\" style=\"margin-bottom: 0.0001pt;\"><\/div>\n<div class=\"MsoNormal\" style=\"margin-bottom: 0.0001pt;\"><\/div>\n<p>La m\u00fasica Apalatxe \u00e9s tradicional de la regi\u00f3 dels Apalatxes a l&#8217;est dels Estats Units. T\u00e9 influ\u00e8ncies de les balades angleses, de la m\u00fasica irlandesa i l\u2019escocesa, aix\u00ed com dels himnes afroamericans i del blues. Ha influ\u00eft en m\u00fasics com ara Bob Dylan, Bruce Springsteen i altres.<br \/>\n&nbsp;<\/p>\n<p><strong> P\u00e0gina 256<\/strong><\/p>\n<p>&nbsp;<\/p>\n<p><strong>\u00abVaig canviar el viol\u00ed barroc per un Hardanger\u00bb<\/strong><br \/>\nUn viol\u00ed barroc \u00e9s un instrument de corda que va sorgir a It\u00e0lia durant la primera meitat del segle XVI, indispensable per interpretar la m\u00fasica creada a Europa i Am\u00e8rica dels segles XVII i XVIII.<\/p>\n<p><img loading=\"lazy\" decoding=\"async\" class=\"aligncenter\" src=\"http:\/\/www.uhu.es\/62024\/enlaces\/NTAEcazasEM0809\/vivaldi_VANESA\/violin.jpg\" alt=\"\" width=\"390\" height=\"400\" \/><\/p>\n<p>&nbsp;<\/p>\n<p>Un viol\u00ed de Hardanger \u00e9s instrument tradicional utilitzat originalment per la m\u00fasica de Noruega. Acompanya les m\u00fasiques rurals a les Reunions festives o les danses de parella.<\/p>\n<p><img loading=\"lazy\" decoding=\"async\" class=\"aligncenter\" src=\"https:\/\/encrypted-tbn1.gstatic.com\/images?q=tbn:ANd9GcQv-RJLn45CH-3bZcE_n9A3joFvKbymK7F7iljH3gTLGgk6SvDvMQ\" alt=\"\" width=\"305\" height=\"165\" \/><br \/>\nAl final de la quarta part, Justin diu a Auggie i Jack que \u00e9s el violinista d&#8217;una banda de zydeco. Ara, a l\u2019indici de la cinquena part, Justin menciona altra vegada el zydeco.<\/p>\n<p>Per mirar i escoltar:<\/p>\n<p>&nbsp;<\/p>\n<div class=\"separator\" style=\"clear: both; text-align: center;\"><object width=\"320\" height=\"266\" classid=\"clsid:d27cdb6e-ae6d-11cf-96b8-444553540000\" codebase=\"http:\/\/download.macromedia.com\/pub\/shockwave\/cabs\/flash\/swflash.cab#version=6,0,40,0\"><param name=\"allowFullScreen\" value=\"true\" \/><param name=\"src\" value=\"http:\/\/youtube.googleapis.com\/v\/uRRW3aine6Y&amp;source=uds\" \/><param name=\"allowfullscreen\" value=\"true\" \/><embed width=\"320\" height=\"266\" type=\"application\/x-shockwave-flash\" src=\"http:\/\/youtube.googleapis.com\/v\/uRRW3aine6Y&amp;source=uds\" allowfullscreen=\"allowfullscreen\" allowfullscreen=\"allowfullscreen\" \/><\/object><\/div>\n<div class=\"MsoNormal\" style=\"margin-bottom: 0.0001pt;\"><\/div>\n<p>&nbsp;<\/p>\n<p>&nbsp;<\/p>\n<p><strong>P\u00e0gina 259<\/strong><br \/>\n<strong> \u00abAquest any per la funci\u00f3 de primavera farem una obra de teatre que es titula La nostra ciutat.\u00bb<\/strong><br \/>\nLa nostra ciutat \u00e9s una obra en tres actes del dramaturg americ\u00e0 Thornton Wilder. En ella es descriu la vida corrent d&#8217;un poble al segle XX, en una obra que gaireb\u00e9 no t\u00e9 acci\u00f3. Thornton Wilder representa al teatre de forta cr\u00edtica social que va tenir lloc durant la d\u00e8cada de 1930.<\/p>\n<p>&nbsp;<\/p>\n<p><strong>P\u00e0gina 264<\/strong><\/p>\n<p>&nbsp;<\/p>\n<p><strong>\u00abEm recorda els pillets que surten a les pel\u00b7l\u00edcules en blanc i negre. Nom\u00e9s li falten la gorra de venedor de diaris i els bombatxos.\u00bb<\/strong><\/p>\n<p>&nbsp;<\/p>\n<p><img loading=\"lazy\" decoding=\"async\" class=\"aligncenter\" src=\"http:\/\/3.bp.blogspot.com\/-2_qhjIDJJdE\/TydgIO3p4dI\/AAAAAAAACek\/3cJNeR_e7W0\/s1600\/Little_Rascals.j\" alt=\"\" width=\"307\" height=\"234\" \/><\/p>\n<p>&nbsp;<\/p>\n<p><strong>P\u00e0gina 268<\/strong><\/p>\n<p>&nbsp;<\/p>\n<p><strong>\u00abComen\u00e7o a tocar \u00absoldier&#8217;s joy\u00bb amb el viol\u00ed.\u00bb<\/strong><\/p>\n<p>&nbsp;<\/p>\n<p>Quan Justin assaja l\u2019obra de vegades s&#8217;oblida del paper. Aleshores amb el seu viol\u00ed toca la can\u00e7\u00f3<em> L\u2019alegria del soldat<\/em>, que el relaxa i li proporciona uns segons per recordar les frases<br \/>\n<em>L&#8217;alegria del soldat<\/em> \u00e9s una de les can\u00e7ons m\u00e9s antigues i m\u00e9s coneguda en el m\u00f3n de parla anglesa. La can\u00e7\u00f3 \u00e9s del segle XVIII i apareix a quasi tots els manuals de viol\u00ed.<\/p>\n<p>Aix\u00ed sona el viol\u00ed:<\/p>\n<p>&nbsp;<\/p>\n<div class=\"separator\" style=\"clear: both; text-align: center;\"><object width=\"320\" height=\"266\" classid=\"clsid:d27cdb6e-ae6d-11cf-96b8-444553540000\" codebase=\"http:\/\/download.macromedia.com\/pub\/shockwave\/cabs\/flash\/swflash.cab#version=6,0,40,0\"><param name=\"allowFullScreen\" value=\"true\" \/><param name=\"src\" value=\"http:\/\/youtube.googleapis.com\/v\/Uk3nGzzdmpE&amp;source=uds\" \/><param name=\"allowfullscreen\" value=\"true\" \/><embed width=\"320\" height=\"266\" type=\"application\/x-shockwave-flash\" src=\"http:\/\/youtube.googleapis.com\/v\/Uk3nGzzdmpE&amp;source=uds\" allowfullscreen=\"allowfullscreen\" allowfullscreen=\"allowfullscreen\" \/><\/object><\/div>\n<div class=\"MsoNormal\" style=\"margin-bottom: 0.0001pt;\"><\/div>\n<p>&nbsp;<\/p>\n<p>&nbsp;<\/p>\n<p><strong>P\u00e0gina 274<\/strong><\/p>\n<p>&nbsp;<\/p>\n<p><strong>\u201cAquesta nit no puc dormir, no paren de venir-me pensaments al cap i no els puc fer fora, frases dels meus mon\u00f2legs, elements de la taula peri\u00f2dica que se suposa que haig de memoritzar.\u00bb<\/strong><\/p>\n<p><strong>\u00a0<img loading=\"lazy\" decoding=\"async\" class=\"aligncenter\" src=\"http:\/\/upload.wikimedia.org\/wikipedia\/commons\/thumb\/a\/a2\/Tabla_elementos.svg\/400px-Tabla_elementos.svg.png\" alt=\"\" width=\"400\" height=\"225\" \/><\/strong><\/p>\n","protected":false},"excerpt":{"rendered":"<p>P\u00e0gina 249 \u00abDe vegades crec que tinc el cap tan gros perqu\u00e8 el tinc ple de somnis. Ho diu John Merrick a L\u2019home elefant, de BERNARD POMERANCE\u00bb La part de Justin es presenta amb una cita de L&#8217;home elefant, una &hellip; <a href=\"http:\/\/guiavisualwonder.grupiref.org\/?page_id=86\">Sigue leyendo <span class=\"meta-nav\">&rarr;<\/span><\/a><\/p>\n","protected":false},"author":1,"featured_media":0,"parent":0,"menu_order":0,"comment_status":"closed","ping_status":"closed","template":"sidebar-page.php","meta":{"footnotes":""},"class_list":["post-86","page","type-page","status-publish","hentry"],"_links":{"self":[{"href":"http:\/\/guiavisualwonder.grupiref.org\/index.php?rest_route=\/wp\/v2\/pages\/86","targetHints":{"allow":["GET"]}}],"collection":[{"href":"http:\/\/guiavisualwonder.grupiref.org\/index.php?rest_route=\/wp\/v2\/pages"}],"about":[{"href":"http:\/\/guiavisualwonder.grupiref.org\/index.php?rest_route=\/wp\/v2\/types\/page"}],"author":[{"embeddable":true,"href":"http:\/\/guiavisualwonder.grupiref.org\/index.php?rest_route=\/wp\/v2\/users\/1"}],"replies":[{"embeddable":true,"href":"http:\/\/guiavisualwonder.grupiref.org\/index.php?rest_route=%2Fwp%2Fv2%2Fcomments&post=86"}],"version-history":[{"count":9,"href":"http:\/\/guiavisualwonder.grupiref.org\/index.php?rest_route=\/wp\/v2\/pages\/86\/revisions"}],"predecessor-version":[{"id":183,"href":"http:\/\/guiavisualwonder.grupiref.org\/index.php?rest_route=\/wp\/v2\/pages\/86\/revisions\/183"}],"wp:attachment":[{"href":"http:\/\/guiavisualwonder.grupiref.org\/index.php?rest_route=%2Fwp%2Fv2%2Fmedia&parent=86"}],"curies":[{"name":"wp","href":"https:\/\/api.w.org\/{rel}","templated":true}]}}