{"id":90,"date":"2013-05-31T10:21:54","date_gmt":"2013-05-31T10:21:54","guid":{"rendered":"http:\/\/guiavisualwonder.grupiref.org\/?page_id=90"},"modified":"2015-11-14T12:55:45","modified_gmt":"2015-11-14T12:55:45","slug":"sisena-partaugust","status":"publish","type":"page","link":"http:\/\/guiavisualwonder.grupiref.org\/?page_id=90","title":{"rendered":"SISENA PART<br>AUGUST"},"content":{"rendered":"<p><head><script type=\"text\/javascript\"><\/p>\n<p>  var _gaq = _gaq || [];\n  _gaq.push(['_setAccount', 'UA-41710136-1']);\n  _gaq.push(['_setDomainName', 'grupiref.org']);\n  _gaq.push(['_setAllowLinker', true]);\n  _gaq.push(['_trackPageview']);<\/p>\n<p>  (function() {\n    var ga = document.createElement('script'); ga.type = 'text\/javascript'; ga.async = true;\n    ga.src = ('https:' == document.location.protocol ? 'https:\/\/ssl' : 'http:\/\/www') + '.google-analytics.com\/ga.js';\n    var s = document.getElementsByTagName('script')[0]; s.parentNode.insertBefore(ga, s);\n  })();<\/p>\n<p><\/script><br \/>\n<\/head><br \/>\n<strong>P\u00e0gina 277<\/strong><br \/>\n&nbsp;<\/p>\n<p><img loading=\"lazy\" decoding=\"async\" class=\"alignright\" alt=\"\" src=\"http:\/\/upload.wikimedia.org\/wikipedia\/commons\/thumb\/2\/2a\/Hw-shakespeare.png\/250px-Hw-shakespeare.png\" width=\"250\" height=\"354\" \/><\/p>\n<p><strong>\u00abQuina obra mestra, l\u2019home! Que noble en la ra\u00f3, que infinit<\/strong><br \/>\n<strong>en facultats, que expressiu i admirable en la forma<\/strong><br \/>\n<strong>i en els moviments, com s\u2019assembla a un \u00e0ngel en l\u2019acci\u00f3<\/strong><br \/>\n<strong>i a un d\u00e9u en la intel\u00b7lig\u00e8ncia: la bellesa del m\u00f3n\u2026<\/strong><\/p>\n<p>&nbsp;<\/p>\n<p><strong>SHAKESPEARE, <em>Hamlet<\/em>\u00ab<\/strong><\/p>\n<p>&nbsp;<\/p>\n<p>&nbsp;<\/p>\n<p>&nbsp;<\/p>\n<p>&nbsp;<\/p>\n<p>William Shakespeare: autor dram\u00e0tic angl\u00e8s, autor d\u2019obres com la citada <em>Hamlet<\/em> i altres de ben conegudes: <em>Romeu i Julieta<\/em>,<em> La tempesta<\/em>, <em>Macbeth<\/em>, <em>Juli C\u00e8sar<\/em>, etc.<br \/>\nAquest fragment correspon a una escena on Hamlet, trist i abatut, parla amb Rosencrantz i Guilderstein, suposats amics. <em>Hamlet<\/em> (II-II)<br \/>\nQu\u00e8 significa aquesta cita de <em>Hamlet<\/em>? Quina relaci\u00f3 t\u00e9 amb August? Ens diu alguna cosa sobre els personatges de la novel\u00b7la?<br \/>\n&nbsp;<\/p>\n<p>&nbsp;<br \/>\n<strong>P\u00e0gina 284<\/strong><br \/>\n&nbsp;<\/p>\n<p><strong>\u00abNinots uglydoll\u00bb<\/strong><\/p>\n<p>&nbsp;<\/p>\n<p>Uglydoll (literalment nina lletja) \u00e9s una marca de ninots de peluix creada per David Horvath i Sun-Min Kim. Va ser comercialitzada el 2001 i es caracteritza per un equilibri entre la tendresa i la lletjor.<\/p>\n<p><img loading=\"lazy\" decoding=\"async\" class=\"aligncenter\" alt=\"\" src=\"http:\/\/3.bp.blogspot.com\/_us0kD-TTc2U\/TIp0FLXqufI\/AAAAAAAAAL4\/zLOehz0CczY\/s320\/Uglydolls.jpg\" width=\"320\" height=\"213\" \/><\/p>\n<p>&nbsp;<br \/>\nL\u2019endem\u00e0 l&#8217;August es troba un clauer Uglydoll a la seva cadira.<\/p>\n<p>&nbsp;<\/p>\n<p><img loading=\"lazy\" decoding=\"async\" class=\"aligncenter\" alt=\"\" src=\"http:\/\/naranjaschinas.com\/images\/peaco-keychain.jpg\" width=\"400\" height=\"400\" \/><\/p>\n<p>&nbsp;<br \/>\n&nbsp;<\/p>\n<p><strong>P\u00e0gina 287<\/strong><\/p>\n<p>&nbsp;<\/p>\n<p><strong>\u00abQuan era molt petit els metges ja van avisar els meus pares que arribaria un dia que necessitaria audi\u00f2fons.\u00bb<\/strong><br \/>\n<strong>\u00abPer\u00f2 els seus s\u00f3n m\u00e9s aparatosos, s\u2019assemblen als del personatge Lobot de Star Wars.\u00bb<\/strong><\/p>\n<p><img loading=\"lazy\" decoding=\"async\" class=\"aligncenter\" alt=\"\" src=\"http:\/\/2.bp.blogspot.com\/-lRWDr2NVnDc\/UYN8rQv2lpI\/AAAAAAAAAF0\/WuTSc3geQ3s\/s400\/photo.png\" width=\"400\" height=\"148\" \/><\/p>\n<p>&nbsp;<\/p>\n<p><strong>P\u00e0gina 288<\/strong><\/p>\n<p>&nbsp;<\/p>\n<p><strong>\u00abSi em diguessis que far\u00e0s la mateixa pinta que el Jar Jar&#8230; aix\u00f2 s\u00ed que seria fumut.\u00bb<\/strong><\/p>\n<p><img loading=\"lazy\" decoding=\"async\" class=\"alignright\" alt=\"\" src=\"http:\/\/2.bp.blogspot.com\/_wIW55V-xC00\/SeFblnpwsdI\/AAAAAAAABU8\/XCRGp5KiM3s\/s200\/jar_jar.jpg\" width=\"200\" height=\"191\" \/><\/p>\n<p>Jar Jar Binks es un personatge fictici de l\u2019univers Star Wars. \u00c9s un amfibi del planeta Naboo, un exiliat que viu allunyat de la seva ciutat.<\/p>\n<p>&nbsp;<\/p>\n<p>&nbsp;<br \/>\n&nbsp;<\/p>\n<p>&nbsp;<br \/>\n&nbsp;<br \/>\n&nbsp;<br \/>\n&nbsp;<\/p>\n<p>&nbsp;<\/p>\n<p><strong>\u00a0P\u00e0gina 290<\/strong><\/p>\n<p>&nbsp;<\/p>\n<p><strong>\u201cAra tens una o\u00efda bi\u00f2nica.\u201d<\/strong><\/p>\n<p>&nbsp;<\/p>\n<p>S\u2019anomena o\u00efda bi\u00f2nica a l\u2019implant coclear. \u00c9s un artefacte que estimula els nervis de l\u2019o\u00efda interna. Aquest aparell elimina l\u2019anomenat \u201csoroll Blanc\u201d.<\/p>\n<p><em id=\"__mceDel\"><img loading=\"lazy\" decoding=\"async\" class=\"aligncenter\" alt=\"\" src=\"http:\/\/3.bp.blogspot.com\/_ZowdqOllBEI\/Sb26zVBiRGI\/AAAAAAAAADc\/64iAUyWg8CE\/s320\/Dibujo.jpg\" width=\"320\" height=\"204\" \/><\/em><\/p>\n<p>&nbsp;<\/p>\n<p><strong>P\u00e0gina 309<\/strong><\/p>\n<p>&nbsp;<\/p>\n<p><strong>\u00ab<em>La nostra ciutat<\/em> de Thorton Wilder\u00bb<\/strong><\/p>\n<p>&nbsp;<\/p>\n<p>L\u2019obra de teatre <em>La nostra ciutat<\/em> explora la relaci\u00f3 entre dos joves durant la infantesa, la joventut i el matrimoni.<\/p>\n<p><img loading=\"lazy\" decoding=\"async\" class=\"aligncenter\" alt=\"\" src=\"http:\/\/4.bp.blogspot.com\/_yPWyFZEdY0s\/SOtkJNcqL2I\/AAAAAAAAFRw\/DEQQNOUObBo\/s400\/ourtown4.j\" width=\"235\" height=\"300\" \/><\/p>\n","protected":false},"excerpt":{"rendered":"<p>P\u00e0gina 277 &nbsp; \u00abQuina obra mestra, l\u2019home! Que noble en la ra\u00f3, que infinit en facultats, que expressiu i admirable en la forma i en els moviments, com s\u2019assembla a un \u00e0ngel en l\u2019acci\u00f3 i a un d\u00e9u en la &hellip; <a href=\"http:\/\/guiavisualwonder.grupiref.org\/?page_id=90\">Sigue leyendo <span class=\"meta-nav\">&rarr;<\/span><\/a><\/p>\n","protected":false},"author":1,"featured_media":0,"parent":0,"menu_order":0,"comment_status":"closed","ping_status":"closed","template":"sidebar-page.php","meta":{"footnotes":""},"class_list":["post-90","page","type-page","status-publish","hentry"],"_links":{"self":[{"href":"http:\/\/guiavisualwonder.grupiref.org\/index.php?rest_route=\/wp\/v2\/pages\/90","targetHints":{"allow":["GET"]}}],"collection":[{"href":"http:\/\/guiavisualwonder.grupiref.org\/index.php?rest_route=\/wp\/v2\/pages"}],"about":[{"href":"http:\/\/guiavisualwonder.grupiref.org\/index.php?rest_route=\/wp\/v2\/types\/page"}],"author":[{"embeddable":true,"href":"http:\/\/guiavisualwonder.grupiref.org\/index.php?rest_route=\/wp\/v2\/users\/1"}],"replies":[{"embeddable":true,"href":"http:\/\/guiavisualwonder.grupiref.org\/index.php?rest_route=%2Fwp%2Fv2%2Fcomments&post=90"}],"version-history":[{"count":5,"href":"http:\/\/guiavisualwonder.grupiref.org\/index.php?rest_route=\/wp\/v2\/pages\/90\/revisions"}],"predecessor-version":[{"id":174,"href":"http:\/\/guiavisualwonder.grupiref.org\/index.php?rest_route=\/wp\/v2\/pages\/90\/revisions\/174"}],"wp:attachment":[{"href":"http:\/\/guiavisualwonder.grupiref.org\/index.php?rest_route=%2Fwp%2Fv2%2Fmedia&parent=90"}],"curies":[{"name":"wp","href":"https:\/\/api.w.org\/{rel}","templated":true}]}}